
False
Suppose 3*i + i = 0. Let z(w) = 3 + i*w**2 + w**2 - 3 + 7. Is z(8) composite?
False
Let y(h) be the first derivative of 8*h**3 + 3*h**2/2 + 3*h + 3. Let t be y(-2). Suppose -c + t = r, -3*r = -2*c - 2*c - 286. Is r composite?
True
Is ((-1146)/(-9))/((-8)/(-12)) prime?
True
Let j(n) = -n**2 - 10*n + 15. Let a be j(-11). Suppose -5*y - 101 = -3*t - 808, a*y = -2*t + 548. Is y a prime number?
True
Suppose 4*c - 249 = 195. Is c prime?
False
Let o(l) = -3*l + 149. Is o(0) a prime number?
True
Let t be ((-15)/(-6))/((-4)/(-8) + 0). Let c be (3 - 1*-1)*1. Suppose t*b + c = 3*f + 33, 3*f = 6. Is b prime?
True
Let m(j) = -4 - j**2 - 3 + 2*j**2 + 5*j. Is m(7) a composite number?
True
Suppose -5*o = -5*g - 20, 2*o - 2*g + 4 = -3*g. Suppose 0*v + 2*j = -2*v - 10, -5*v - 3*j - 15 = 0. Is (0 - -39) + v - o a prime number?
False
Let k(l) = -l**2 - 6*l + 5. Let m be k(-7). Is 37*(-5)/(m + 1) a prime number?
False
Let d = 67 + -23. Suppose -3*p = p - d. Is p prime?
True
Let o be (-2)/7 - 415/(-7). Suppose 0*z + z = o. Is z a prime number?
True
Suppose -p - 442 = -2*w + 4*p, -5*w = -2*p - 1063. Is w composite?
False
Let n(p) = -4*p**3 + 4*p**2 + p - p - 8*p**2 - 5. Is n(-4) a composite number?
True
Suppose 5*d = -0*d + i + 5, 0 = -3*d + 2*i + 10. Let z(g) = -2*g**3 + d*g**3 - 2 + g**2 + 3*g**3. Is z(2) a prime number?
False
Suppose -3*v - 4 = v. Let q be (2 - -1) + v + 0. Is (-2)/(-4)*q - -126 composite?
False
Let x(o) be the second derivative of -2*o**3/3 + 3*o**2 + 2*o. Let m(b) = -5*b + 7. Let g(k) = -3*m(k) + 4*x(k). Is g(-4) prime?
True
Suppose 5*r = -11 - 4. Let i = -5 + 2. Is 63 - i*1/r a prime number?
False
Let a be ((-21)/(-35))/(2/30). Suppose 10*k - 67 = a*k. Is k a composite number?
False
Suppose 0 = g + 31 + 13. Let i = g - -97. Is i a prime number?
True
Let d(i) = -479*i**3 + i**2 + 4*i + 3. Is d(-1) a prime number?
True
Let g(k) = k + 1. Let z be g(-1). Suppose z*s + s = 66. Suppose -4*l + 70 = -s. Is l a prime number?
False
Let u(w) = w - 4. Let q be u(5). Is -3 + q - (-292 + -1) prime?
False
Is ((-8)/12)/((-6)/99) composite?
False
Let c(s) = -s**3 - 3*s**2 + 2*s - 3. Let q be c(-4). Is 2/q + 253/5 a composite number?
True
Let y(k) = 86*k**2 + k. Is y(2) a composite number?
True
Suppose 5*n - 1084 = 3*n - v, -3*n + 1621 = 4*v. Let a = n - 340. Is a prime?
False
Let b = -2 - -13. Let k(t) = 11*t - 24. Is k(b) composite?
False
Let t = -1935 - -3148. Is t a composite number?
False
Suppose 0*d - 1116 = 4*d. Let q = d + 394. Is q a prime number?
False
Suppose -4*g + 829 = -403. Suppose 0 = -0*b - 2*b. Suppose b = -3*z - z + g. Is z a composite number?
True
Let k be 1088/(-2) + 5 + -4. Let t = k + 1010. Is t a composite number?
False
Let j(q) be the third derivative of 11*q**5/30 + q**4/12 - q**3/6 - 4*q**2. Is j(2) composite?
True
Let k = -347 - -631. Suppose -u + 3*f = 2*f - 130, 4*f = -2*u + k. Is u prime?
False
Is 523 - (-5 + 6)*2 a prime number?
True
Let v = 6 + -36. Is (-10235)/v - 3/18 composite?
True
Let q(l) = l**2 + 3*l - 7. Let k be 9/2 + (-1)/(-2). Is q(k) composite?
True
Suppose 0 = -5*q + 4*w + 54, -3*q - 2*w + 13 = -37. Is q a composite number?
True
Let h = 24 - 40. Let u be (h/3)/((-8)/12). Is (24/u)/(1/1) composite?
False
Suppose 219 = 4*r - 425. Is r composite?
True
Is (-4)/(-10) + (-438)/(-30) a composite number?
True
Suppose -2*l = 3*s - 4707, 3*l = 2*s - 4108 + 983. Is s prime?
True
Suppose 5 = -3*m - 4, 4*p - 1265 = -5*m. Suppose 0 = -s - 3*s + p. Let h = -21 + s. Is h a composite number?
False
Let l = -104 - -32. Let p = 55 - l. Is p prime?
True
Suppose -7*x + 4*x = -969. Is x a prime number?
False
Suppose 3*l + 12 = 6*l + 4*r, 0 = 5*l + 4*r - 20. Let w(a) = 2*a - 4. Let d be w(l). Suppose 4*m - d*j - 8 = 0, j - 22 = -3*m - 0*j. Is m a composite number?
True
Is (2/6)/(3/1161) prime?
False
Suppose -2*s - 1 = -3*o, -2*o - 1 = 3*o - 4*s. Suppose o*k - 12 = 147. Is k prime?
True
Suppose 1046 = 5*l + 5*q + 56, -q - 204 = -l. Is l a composite number?
True
Suppose 0 = -3*s - 0*s. Suppose -3*w - w - 1932 = s. Let j = -272 - w. Is j a prime number?
True
Suppose -5*f + o = -30, f - 5*o = 11 - 5. Let z = f - 137. Let p = z + 186. Is p a prime number?
False
Suppose 0*f = 5*c + 4*f - 5931, f = -2*c + 2370. Suppose 4*k + 363 = c. Is k a prime number?
False
Suppose -846 = -3*d + 1164. Let i = d + -306. Suppose -o = 3*o - i. Is o a composite number?
True
Suppose -5*c - 3*v = -98, 2*v = c - 0*c - 17. Suppose 104 = s - c. Is s composite?
True
Suppose -10*z + 15*z = 725. Is z a prime number?
False
Suppose 4*t = 3*j + 23 + 22, -j = -2*t + 17. Let q = 14 - j. Is q a prime number?
False
Let i(x) = x**2 - 4*x + 517. Is i(0) composite?
True
Suppose 3*x + 2*x + 112 = c, 2*x = -2*c + 200. Let d = -55 + c. Suppose u - 30 = d. Is u prime?
False
Is (61/(-3))/((-1)/6) + -1 a composite number?
True
Let j be 4/(-24) - (-50)/12. Is (-264)/(-10) - j/10 a composite number?
True
Suppose 0*s + 5*s - 15 = 0. Suppose 0 = -5*b + b - 16, s*b - 633 = -5*r. Is r composite?
True
Let s(o) = o**2 + 16*o - 34. Is s(-23) prime?
True
Is 2/4 - -127*6/4 composite?
False
Let m(a) be the third derivative of a**5/60 - 5*a**4/24 - a**3/6 + 7*a**2. Is m(9) composite?
True
Let x(k) = k**3 + k**2 - k + 4. Let g be x(0). Let c be (-2)/g - 455/(-14). Let n = -13 + c. Is n prime?
True
Suppose -135 - 12 = -3*d + 3*y, 5*d - 4*y - 244 = 0. Suppose 3*q = 237 + d. Is q a composite number?
True
Let j(c) = -3*c**3 - 5*c**2 + c + 4. Is j(-5) composite?
True
Suppose 2*a + 984 = y + 3*a, -4910 = -5*y - 3*a. Is y composite?
True
Suppose 0 = 7*i - 178 - 2643. Suppose 0 = -4*m + 105 + i. Is m composite?
False
Let y = -7 - -11. Suppose 2*o = -5*l + 5*o + 34, y*o + 32 = 4*l. Suppose -166 + 51 = -l*x. Is x a composite number?
False
Suppose -4*t + 3*m = -3, 0 = m - 2 - 1. Suppose -3*g = -2*q - 257, 0 = -t*q + 1 + 14. Is g composite?
False
Let t(s) = -2*s - 2. Suppose 0*o = o + 3. Let a be t(o). Suppose 2*f = a*f - 38. Is f a prime number?
True
Let h = 5 + -4. Let p be (h/(-3))/((-2)/102). Suppose 0 = 4*o - p - 11. Is o a prime number?
True
Let v(t) = 7*t - 14. Let i(q) = 4*q - 7. Let r(u) = -5*i(u) + 3*v(u). Let f be r(6). Is (f/1)/(2/(-46)) composite?
False
Is 79 - ((-6)/21 - (-6)/21) composite?
False
Let l = 2 + -1. Let y be 2 - (-178 + l*-2). Suppose v + y + 33 = 4*h, -4*h = 5*v - 245. Is h a prime number?
False
Suppose -3*q - 1 = 2. Let c(m) = -m**2 + 13*m + 8. Let h(l) = -l**2 + l. Let j(n) = q*c(n) + 2*h(n). Is j(-6) a composite number?
True
Is ((1 - -1) + -207)/(-1) a composite number?
True
Let p be 0 + -6*5/(-15). Let t(o) be the third derivative of o**4/2 - o**3/6 - o**2. Is t(p) prime?
True
Is 2104 - (-8)/((-8)/5) composite?
False
Suppose 5*k - z = 2328, z + 1488 = 4*k - 374. Is k a composite number?
True
Let r be 4/10 - (-22)/(-5). Let k be (3 + r)*(-234)/2. Suppose 0 = 2*n + d - 47, 2*d + k = 5*n + 4*d. Is n a composite number?
False
Suppose 0 = 5*a - 5*q - 220, a - 3*q - 32 = -5*q. Let p(c) = 5*c**2 + 1. Let n be p(-1). Let g = n + a. Is g composite?
True
Let v(s) = -s - 9. Let c be v(-10). Is 76*1 - (-1)/c a prime number?
False
Suppose -9 = 3*b + 21. Let m(h) = -56*h**3 + 2*h**2 - 3*h + 3. Let z be m(2). Is b/45 - z/9 prime?
False
Let r be (2 + 0)/2*-229. Let a = -158 - r. Is a a composite number?
False
Is 8/(-14) + 2216/56 a composite number?
True
Let v be -2*(-1)/(2/7). Suppose -v*u = -3*u - 852. Is u a composite number?
True
Suppose -2*o - 655 = 1491. Let a = 753 + o. Let h = 167 - a. Is h prime?
True
Let i be 1 + (2 - 4) + 52. Suppose -x - i = -178. Is x prime?
True
Suppose 3*n + n - 8 = 4*z, 4*z - 10 = n. Suppose 4*t - t = -n. Let p(s) = 2*s**2 + 3*s + 1. Is p(t) prime?
True
Let b(z) = 6*z**2 - 2*z - 3. Suppose 0*t - 3 = t. Is b(t) composite?
True
Suppose -17 = 5*s - 47. Is s a composite number?
True
Let i = 8 + -3. Suppose y - 11 = -4*n, y = -n + 2*n + 1. Suppose i*w - 111 = n*w. Is w a prime number?
True
Let r(h) = -2*h**2 - 3*h - 7. Suppose -4*b - t - 30 = 0, -b - 4*b - 25 = -5*t. Let c be r(b). Let d = 151 + c. Is d a composite number?
False
Suppose -69 = 5*c + 1006. Let q = c + 376. Is q prime?
False
Let n(s) = 5*s**2 - 5*s - 3. Suppose 0 = -u + 2*p + 2, u + 3*p + 13 = -0*u. Is n(u) a composite number?
False
Let a be (-288)/30*3*5. Let h = 231 + a. Is h a composite numb